{"id":419,"date":"2013-01-06T12:43:15","date_gmt":"2013-01-06T12:43:15","guid":{"rendered":"http:\/\/inovado2.mintithemes.com\/?page_id=13"},"modified":"2024-05-09T14:29:35","modified_gmt":"2024-05-09T14:29:35","slug":"home","status":"publish","type":"page","link":"https:\/\/radyofrekanscihazi.com\/","title":{"rendered":"Dr.Oppel ST-501 \u00c7ok Ama\u00e7l\u0131 Radyo Frekans Cihaz\u0131"},"content":{"rendered":"<p>[vc_row top_padding=&#8221;100&#8243; bottom_padding=&#8221;100&#8243; bg_position=&#8221;left top&#8221;][vc_column width=&#8221;1\/1&#8243;]<h3 class=\"headline font-special fontsize-l fontweight-700 lh-inherit align-center transform-uppercase \" style=\"margin: 0 0 20px 0;\">Neden Dr.Oppel?<\/h3><div class=\"imagebox wpb_content_element style-2\"><div class=\"imagebox-img\"><img decoding=\"async\" src=\"https:\/\/radyofrekanscihazi.com\/wp-content\/uploads\/2024\/05\/Ekran-Resmi-2024-05-06-12.31.44.png\" alt=\"\" \/><\/div>\n<h3 style=\"text-align: center;\">ST-501 DUAL<\/h3>\n<\/div>[\/vc_column][\/vc_row][vc_row][vc_column width=&#8221;1\/1&#8243;][vc_column_text css_animation=&#8221;fadeInLeftBig&#8221;]<img loading=\"lazy\" decoding=\"async\" class=\"wp-image-15452 alignright\" src=\"https:\/\/radyofrekanscihazi.com\/wp-content\/uploads\/2024\/05\/Ekran-Resmi-2024-05-06-13.50.09-300x207.png\" alt=\"\" width=\"575\" height=\"397\" srcset=\"https:\/\/radyofrekanscihazi.com\/wp-content\/uploads\/2024\/05\/Ekran-Resmi-2024-05-06-13.50.09-300x207.png 300w, https:\/\/radyofrekanscihazi.com\/wp-content\/uploads\/2024\/05\/Ekran-Resmi-2024-05-06-13.50.09-600x414.png 600w, https:\/\/radyofrekanscihazi.com\/wp-content\/uploads\/2024\/05\/Ekran-Resmi-2024-05-06-13.50.09-768x530.png 768w, https:\/\/radyofrekanscihazi.com\/wp-content\/uploads\/2024\/05\/Ekran-Resmi-2024-05-06-13.50.09.png 838w\" sizes=\"auto, (max-width: 575px) 100vw, 575px\" \/><\/p>\n<p>&nbsp;<\/p>\n<h4>Neden Dr. Opel ?<\/h4>\n<h4>Dr. Opel di\u011fer radyo frekans cihazlar\u0131yla k\u0131yasland\u0131\u011f\u0131nda ; rakip cihazlar tek bir kullan\u0131m amac\u0131na y\u00f6nelik \u00fcretilip sat\u0131lmaktad\u0131r .<\/h4>\n<h4>ST-501 ,di\u011fer cihazlardan farkl\u0131 olarak tek bir \u00fcnite ile KBB \/ G\u00f6z (Blefaroplasti) \/ Dermatoloji \/ Plastik Cerrahi \/ Jinekoloji \/ Genel Cerrahi \/ alanlar\u0131nda kullan\u0131lmaya uygun olarak \u00fcretilmi\u015ftir. Kullan\u0131m amac\u0131na g\u00f6re ister bipolar isterse monopolar olarak kullan\u0131labilmektedir .<\/h4>\n<h4>U\u00e7lar\u0131n kullan\u0131m \u015fekilleri ,kullan\u0131ld\u0131\u011f\u0131ndaki s\u00fcre ve g\u00fc\u00e7 \u00f6zellikleri sitemizde ayr\u0131<span class=\"Apple-converted-space\">\u00a0 <\/span>ba\u015fl\u0131klar\u0131n alt\u0131nda tabla olarak da g\u00f6sterilmi\u015ftir<span class=\"Apple-converted-space\">\u00a0<\/span><\/h4>\n<h4>Hekim, kullan\u0131m amac\u0131 do\u011frultusunda istedi\u011fi ucu se\u00e7ip ister monopolar ister bipolar olarak \u00e7al\u0131\u015fabilir.<span class=\"Apple-converted-space\">\u00a0<\/span><\/h4>\n<h4><\/h4>\n<h4><\/h4>\n<h4><\/h4>\n<h4><\/h4>\n<h4>Dr.Oppel ST 501 ayn\u0131 anda hem kesme hem koag\u00fclasyon i\u015flemini birlikte ger\u00e7ekle\u015ftirdi\u011fi i\u00e7in dokuda karbonizasyon ve hasar olu\u015fturmaz kesilen b\u00f6lgede kanama riski d\u00fc\u015f\u00fck iyile\u015fme s\u00fcresi k\u0131sad\u0131r.<\/h4>\n<h4>Dr.Oppel&#8217;in elektrodu kendi kendine \u0131s\u0131nmaz. Bu sayede elektrot, h\u00fccresel dokunun joule \u0131s\u0131s\u0131n\u0131 \u00fcretmesini sa\u011flar ve hemostaz, kesme ve p\u0131ht\u0131la\u015fmay\u0131 ger\u00e7ekle\u015ftirir . 4MHz radyo frekans\u0131 sayesinde kanayan bir dokuda bile hassas kesim ve derin p\u0131ht\u0131la\u015fmay\u0131 m\u00fcmk\u00fcn k\u0131lar.<\/h4>\n<p>[\/vc_column_text][\/vc_column][\/vc_row][vc_row top_padding=&#8221;100&#8243; bottom_padding=&#8221;100&#8243; bg_position=&#8221;left top&#8221;][vc_column width=&#8221;1\/1&#8243;]<h3 class=\"headline font-special fontsize-l fontweight-700 lh-inherit align-center transform-uppercase \" style=\"margin: 0 0 20px 0;\"><\/h3>[\/vc_column][\/vc_row][vc_row][vc_column width=&#8221;1\/1&#8243;]<div class=\"divider-title align-center\" ><\/div>[\/vc_column][\/vc_row][vc_row][vc_column width=&#8221;1\/1&#8243;][\/vc_column][\/vc_row][vc_row][vc_column width=&#8221;1\/1&#8243;][\/vc_column][\/vc_row][vc_row][vc_column width=&#8221;1\/1&#8243;][\/vc_column][\/vc_row]<\/p>\n","protected":false},"excerpt":{"rendered":"<p>[vc_row top_padding=&#8221;100&#8243; bottom_padding=&#8221;100&#8243; bg_position=&#8221;left top&#8221;][vc_column width=&#8221;1\/1&#8243;][\/vc_column][\/vc_row][vc_row][vc_column width=&#8221;1\/1&#8243;][vc_column_text css_animation=&#8221;fadeInLeftBig&#8221;] &nbsp; Neden Dr. Opel ? Dr. Opel di\u011fer radyo frekans cihazlar\u0131yla k\u0131yasland\u0131\u011f\u0131nda ; rakip cihazlar tek bir kullan\u0131m amac\u0131na y\u00f6nelik \u00fcretilip sat\u0131lmaktad\u0131r . ST-501 ,di\u011fer cihazlardan farkl\u0131 olarak tek bir \u00fcnite ile KBB \/ G\u00f6z (Blefaroplasti) \/ Dermatoloji \/ Plastik Cerrahi \/ Jinekoloji \/ Genel Cerrahi \/ alanlar\u0131nda kullan\u0131lmaya uygun olarak \u00fcretilmi\u015ftir. Kullan\u0131m amac\u0131na g\u00f6re ister bipolar isterse monopolar olarak kullan\u0131labilmektedir . U\u00e7lar\u0131n kullan\u0131m \u015fekilleri ,kullan\u0131ld\u0131\u011f\u0131ndaki s\u00fcre ve g\u00fc\u00e7 \u00f6zellikleri sitemizde ayr\u0131\u00a0 ba\u015fl\u0131klar\u0131n alt\u0131nda tabla olarak da g\u00f6sterilmi\u015ftir\u00a0 Hekim, kullan\u0131m amac\u0131 do\u011frultusunda istedi\u011fi ucu se\u00e7ip ister monopolar ister bipolar olarak \u00e7al\u0131\u015fabilir.\u00a0 Dr.Oppel ST 501 ayn\u0131 anda hem kesme hem koag\u00fclasyon i\u015flemini birlikte ger\u00e7ekle\u015ftirdi\u011fi i\u00e7in dokuda karbonizasyon ve hasar olu\u015fturmaz kesilen b\u00f6lgede kanama riski d\u00fc\u015f\u00fck iyile\u015fme s\u00fcresi k\u0131sad\u0131r. Dr.Oppel&#8217;in elektrodu kendi kendine \u0131s\u0131nmaz. Bu sayede elektrot, h\u00fccresel dokunun joule \u0131s\u0131s\u0131n\u0131 \u00fcretmesini sa\u011flar ve hemostaz, kesme ve p\u0131ht\u0131la\u015fmay\u0131 ger\u00e7ekle\u015ftirir . 4MHz radyo frekans\u0131 sayesinde kanayan bir dokuda bile hassas kesim ve derin p\u0131ht\u0131la\u015fmay\u0131 m\u00fcmk\u00fcn k\u0131lar. [\/vc_column_text][\/vc_column][\/vc_row][vc_row top_padding=&#8221;100&#8243; bottom_padding=&#8221;100&#8243; bg_position=&#8221;left top&#8221;][vc_column width=&#8221;1\/1&#8243;][\/vc_column][\/vc_row][vc_row][vc_column width=&#8221;1\/1&#8243;][\/vc_column][\/vc_row][vc_row][vc_column width=&#8221;1\/1&#8243;][\/vc_column][\/vc_row][vc_row][vc_column width=&#8221;1\/1&#8243;][\/vc_column][\/vc_row][vc_row][vc_column width=&#8221;1\/1&#8243;][\/vc_column][\/vc_row]<\/p>\n","protected":false},"author":1,"featured_media":0,"parent":0,"menu_order":0,"comment_status":"closed","ping_status":"open","template":"","meta":{"footnotes":""},"class_list":["post-419","page","type-page","status-publish","hentry"],"_links":{"self":[{"href":"https:\/\/radyofrekanscihazi.com\/index.php?rest_route=\/wp\/v2\/pages\/419","targetHints":{"allow":["GET"]}}],"collection":[{"href":"https:\/\/radyofrekanscihazi.com\/index.php?rest_route=\/wp\/v2\/pages"}],"about":[{"href":"https:\/\/radyofrekanscihazi.com\/index.php?rest_route=\/wp\/v2\/types\/page"}],"author":[{"embeddable":true,"href":"https:\/\/radyofrekanscihazi.com\/index.php?rest_route=\/wp\/v2\/users\/1"}],"replies":[{"embeddable":true,"href":"https:\/\/radyofrekanscihazi.com\/index.php?rest_route=%2Fwp%2Fv2%2Fcomments&post=419"}],"version-history":[{"count":7,"href":"https:\/\/radyofrekanscihazi.com\/index.php?rest_route=\/wp\/v2\/pages\/419\/revisions"}],"predecessor-version":[{"id":15450,"href":"https:\/\/radyofrekanscihazi.com\/index.php?rest_route=\/wp\/v2\/pages\/419\/revisions\/15450"}],"wp:attachment":[{"href":"https:\/\/radyofrekanscihazi.com\/index.php?rest_route=%2Fwp%2Fv2%2Fmedia&parent=419"}],"curies":[{"name":"wp","href":"https:\/\/api.w.org\/{rel}","templated":true}]}}